{"id":11780,"date":"2026-01-21T15:20:30","date_gmt":"2026-01-21T13:20:30","guid":{"rendered":"https:\/\/www.kollumerzwaag.nl\/web\/?page_id=11780"},"modified":"2026-01-21T15:28:53","modified_gmt":"2026-01-21T13:28:53","slug":"lauwerspoelpaed","status":"publish","type":"page","link":"https:\/\/www.kollumerzwaag.nl\/web\/lauwerspoelpaed\/","title":{"rendered":"Lauwerspoelpaed"},"content":{"rendered":"\t\t<div data-elementor-type=\"wp-page\" data-elementor-id=\"11780\" class=\"elementor elementor-11780\">\n\t\t\t\t<div class=\"elementor-element elementor-element-d14d862 e-flex e-con-boxed e-con e-parent\" data-id=\"d14d862\" data-element_type=\"container\" data-e-type=\"container\">\n\t\t\t\t\t<div class=\"e-con-inner\">\n\t\t\t\t<div class=\"elementor-element elementor-element-83999a5 elementor-widget elementor-widget-image\" data-id=\"83999a5\" data-element_type=\"widget\" data-e-type=\"widget\" data-widget_type=\"image.default\">\n\t\t\t\t<div class=\"elementor-widget-container\">\n\t\t\t\t\t\t\t\t\t\t\t\t\t\t\t<img fetchpriority=\"high\" decoding=\"async\" width=\"1024\" height=\"721\" src=\"https:\/\/www.kollumerzwaag.nl\/web\/wp-content\/uploads\/2026\/01\/lauwerspoel-1024x721.png\" class=\"attachment-large size-large wp-image-11782\" alt=\"\" srcset=\"https:\/\/www.kollumerzwaag.nl\/web\/wp-content\/uploads\/2026\/01\/lauwerspoel-1024x721.png 1024w, https:\/\/www.kollumerzwaag.nl\/web\/wp-content\/uploads\/2026\/01\/lauwerspoel-480x338.png 480w, https:\/\/www.kollumerzwaag.nl\/web\/wp-content\/uploads\/2026\/01\/lauwerspoel-768x541.png 768w, https:\/\/www.kollumerzwaag.nl\/web\/wp-content\/uploads\/2026\/01\/lauwerspoel.png 1258w\" sizes=\"(max-width: 1024px) 100vw, 1024px\" \/>\t\t\t\t\t\t\t\t\t\t\t\t\t\t\t<\/div>\n\t\t\t\t<\/div>\n\t\t\t\t\t<\/div>\n\t\t\t\t<\/div>\n\t\t<div class=\"elementor-element elementor-element-a187f4f e-flex e-con-boxed e-con e-parent\" data-id=\"a187f4f\" data-element_type=\"container\" data-e-type=\"container\">\n\t\t\t\t\t<div class=\"e-con-inner\">\n\t\t\t\t<div class=\"elementor-element elementor-element-e290a7d e-n-tabs-mobile elementor-widget elementor-widget-n-tabs\" data-id=\"e290a7d\" data-element_type=\"widget\" data-e-type=\"widget\" data-settings=\"{&quot;horizontal_scroll&quot;:&quot;disable&quot;}\" data-widget_type=\"nested-tabs.default\">\n\t\t\t\t<div class=\"elementor-widget-container\">\n\t\t\t\t\t\t\t<div class=\"e-n-tabs\" data-widget-number=\"237570685\" aria-label=\"Tabs. Open items met enter of spatie, sluit af met escape en navigeer met de pijltoetsen.\">\n\t\t\t<div class=\"e-n-tabs-heading\" role=\"tablist\">\n\t\t\t\t\t<button id=\"e-n-tab-title-2375706851\" data-tab-title-id=\"e-n-tab-title-2375706851\" class=\"e-n-tab-title\" aria-selected=\"true\" data-tab-index=\"1\" role=\"tab\" tabindex=\"0\" aria-controls=\"e-n-tab-content-2375706851\" style=\"--n-tabs-title-order: 1;\">\n\t\t\t\t\t\t<span class=\"e-n-tab-title-text\">\n\t\t\t\tLauwerspoelpaad\t\t\t<\/span>\n\t\t<\/button>\n\t\t\t\t<button id=\"e-n-tab-title-2375706852\" data-tab-title-id=\"e-n-tab-title-2375706852\" class=\"e-n-tab-title\" aria-selected=\"false\" data-tab-index=\"2\" role=\"tab\" tabindex=\"-1\" aria-controls=\"e-n-tab-content-2375706852\" style=\"--n-tabs-title-order: 2;\">\n\t\t\t\t\t\t<span class=\"e-n-tab-title-text\">\n\t\t\t\tBijzondere vondsten\t\t\t<\/span>\n\t\t<\/button>\n\t\t\t\t<button id=\"e-n-tab-title-2375706853\" data-tab-title-id=\"e-n-tab-title-2375706853\" class=\"e-n-tab-title\" aria-selected=\"false\" data-tab-index=\"3\" role=\"tab\" tabindex=\"-1\" aria-controls=\"e-n-tab-content-2375706853\" style=\"--n-tabs-title-order: 3;\">\n\t\t\t\t\t\t<span class=\"e-n-tab-title-text\">\n\t\t\t\tRecreatieschap Marrekrite\t\t\t<\/span>\n\t\t<\/button>\n\t\t\t\t<button id=\"e-n-tab-title-2375706854\" data-tab-title-id=\"e-n-tab-title-2375706854\" class=\"e-n-tab-title\" aria-selected=\"false\" data-tab-index=\"4\" role=\"tab\" tabindex=\"-1\" aria-controls=\"e-n-tab-content-2375706854\" style=\"--n-tabs-title-order: 4;\">\n\t\t\t\t\t\t<span class=\"e-n-tab-title-text\">\n\t\t\t\tVerhalen en gedichten\t\t\t<\/span>\n\t\t<\/button>\n\t\t\t\t<button id=\"e-n-tab-title-2375706855\" data-tab-title-id=\"e-n-tab-title-2375706855\" class=\"e-n-tab-title\" aria-selected=\"false\" data-tab-index=\"5\" role=\"tab\" tabindex=\"-1\" aria-controls=\"e-n-tab-content-2375706855\" style=\"--n-tabs-title-order: 5;\">\n\t\t\t\t\t\t<span class=\"e-n-tab-title-text\">\n\t\t\t\tVerhalenwedstrijd\t\t\t<\/span>\n\t\t<\/button>\n\t\t\t\t<button id=\"e-n-tab-title-2375706856\" data-tab-title-id=\"e-n-tab-title-2375706856\" class=\"e-n-tab-title\" aria-selected=\"false\" data-tab-index=\"6\" role=\"tab\" tabindex=\"-1\" aria-controls=\"e-n-tab-content-2375706856\" style=\"--n-tabs-title-order: 6;\">\n\t\t\t\t\t\t<span class=\"e-n-tab-title-text\">\n\t\t\t\tWinnend verhaal\t\t\t<\/span>\n\t\t<\/button>\n\t\t\t\t<button id=\"e-n-tab-title-2375706857\" data-tab-title-id=\"e-n-tab-title-2375706857\" class=\"e-n-tab-title\" aria-selected=\"false\" data-tab-index=\"7\" role=\"tab\" tabindex=\"-1\" aria-controls=\"e-n-tab-content-2375706857\" style=\"--n-tabs-title-order: 7;\">\n\t\t\t\t\t\t<span class=\"e-n-tab-title-text\">\n\t\t\t\tInitiatief\t\t\t<\/span>\n\t\t<\/button>\n\t\t\t\t\t<\/div>\n\t\t\t<div class=\"e-n-tabs-content\">\n\t\t\t\t<div id=\"e-n-tab-content-2375706851\" role=\"tabpanel\" aria-labelledby=\"e-n-tab-title-2375706851\" data-tab-index=\"1\" style=\"--n-tabs-title-order: 1;\" class=\"e-active elementor-element elementor-element-2026a1b e-con-full e-flex e-con e-child\" data-id=\"2026a1b\" data-element_type=\"container\" data-e-type=\"container\">\n\t\t\t\t<div class=\"elementor-element elementor-element-abce6ea elementor-widget elementor-widget-text-editor\" data-id=\"abce6ea\" data-element_type=\"widget\" data-e-type=\"widget\" data-widget_type=\"text-editor.default\">\n\t\t\t\t<div class=\"elementor-widget-container\">\n\t\t\t\t\t\t\t\t\t<p><strong>It Lauwerspoelpaad<\/strong><\/p><p><strong>In Kollumersweach is in 2025 met het wandelpad It Lauwerspoelpaad een uniek stukje natuur met historische waarde zichtbaar gemaakt. De dorpsbewoners kunnen een ommetje van een halfuur maken, van de Tsjerkestrjitte langs de Lauwerspoel naar het Tsjerkepaad. Ook sluit het pad aan op een groter wandelnetwerk.<\/strong><\/p><p><strong>Langs kerkenpaden en elzensingels<br \/><\/strong>Je wandelt door het karakteristieke coulisselandschap van de Fryske W\u00e2lden. It Lauwerspoelpaad kronkelt door de open weilanden en sluit ten zuiden aan op het eeuwenoude Tsjerkepaad \u2014 een historisch pad dat vroeger werd gebruikt door kerkgangers uit de regio. Samen vormen ze een historische wandelverbinding die je vanuit het dorp Kollumersweach door het landschap leidt. Onderweg kom je alles tegen wat de Fryske W\u00e2lden zo bijzonder maakt: elzensingels, zandpaden, een pingoru\u00efne en het 12<sup>e<\/sup>-eeuwse rijksmoment \u2018de \u00c2lde Tsjerke\u2019.<\/p><p><strong>Ontdek de natuur bij de Lauwerspoel<br \/><\/strong>Langs het wandelpad bij de Lauwerspoel kom je door een typisch Fries coulisselandschap vol leven. In de singels en dyksw\u00e2len groeien bomen als zomereik en zwarte els, met daartussen struiken zoals wilde lijsterbes, hondsroos en bramen. Deze dichte begroeiing is een paradijs voor insecten, vogels en kleine zoogdieren.<\/p><p>Je kunt hier vlinders spotten zoals het koevinkje, dat graag nectar drinkt van bramen en kruiden. Ook de gekraagde roodstaart broedt hier in oude bomen en jaagt op insecten. Ree\u00ebn, bunzings en vleermuizen voelen zich thuis in dit landschap.<\/p><p>De Lauwerspoel zelf is een oude pingoru\u00efne met open water en moerasbos. Hier groeien bijzondere waterplanten zoals waterviolier en wateraardbei. Met een beetje geluk zie je de ijsvogel voorbij schieten of hoor je de brandganzen in het moerasbos. En wist je dat hier zelfs de zeldzame tengere pantserjuffer leeft? Dat betekent dat het water hier van goede kwaliteit is!<\/p>\t\t\t\t\t\t\t\t<\/div>\n\t\t\t\t<\/div>\n\t\t\t\t<\/div>\n\t\t<div id=\"e-n-tab-content-2375706852\" role=\"tabpanel\" aria-labelledby=\"e-n-tab-title-2375706852\" data-tab-index=\"2\" style=\"--n-tabs-title-order: 2;\" class=\" elementor-element elementor-element-a41af40 e-con-full e-flex e-con e-child\" data-id=\"a41af40\" data-element_type=\"container\" data-e-type=\"container\">\n\t\t\t\t<div class=\"elementor-element elementor-element-80cceec elementor-widget elementor-widget-text-editor\" data-id=\"80cceec\" data-element_type=\"widget\" data-e-type=\"widget\" data-widget_type=\"text-editor.default\">\n\t\t\t\t<div class=\"elementor-widget-container\">\n\t\t\t\t\t\t\t\t\t<p><strong>Bijzondere vondsten<br \/><\/strong>Regelmatig worden er rond een poel ook sporen van bewoners uit de Steentijd gevonden. Lieuwe Feenstra uit Kollumersweach deed op deze plek ook bijzondere bodemvondsten uit de periode tot 15.000 v. Chr.\u00a0, waaronder pijlpunten uit de Steentijd.<\/p><p>\u00a0<\/p>\t\t\t\t\t\t\t\t<\/div>\n\t\t\t\t<\/div>\n\t\t\t\t<div class=\"elementor-element elementor-element-7f48850 elementor-widget elementor-widget-video\" data-id=\"7f48850\" data-element_type=\"widget\" data-e-type=\"widget\" data-settings=\"{&quot;youtube_url&quot;:&quot;https:\\\/\\\/youtu.be\\\/0wVwOT_Ut7s&quot;,&quot;video_type&quot;:&quot;youtube&quot;,&quot;controls&quot;:&quot;yes&quot;}\" data-widget_type=\"video.default\">\n\t\t\t\t<div class=\"elementor-widget-container\">\n\t\t\t\t\t\t\t<div class=\"elementor-wrapper elementor-open-inline\">\n\t\t\t<div class=\"elementor-video\"><\/div>\t\t<\/div>\n\t\t\t\t\t\t<\/div>\n\t\t\t\t<\/div>\n\t\t\t\t<\/div>\n\t\t<div id=\"e-n-tab-content-2375706853\" role=\"tabpanel\" aria-labelledby=\"e-n-tab-title-2375706853\" data-tab-index=\"3\" style=\"--n-tabs-title-order: 3;\" class=\" elementor-element elementor-element-6891d6e e-con-full e-flex e-con e-child\" data-id=\"6891d6e\" data-element_type=\"container\" data-e-type=\"container\">\n\t\t\t\t<div class=\"elementor-element elementor-element-fac7c41 elementor-widget elementor-widget-text-editor\" data-id=\"fac7c41\" data-element_type=\"widget\" data-e-type=\"widget\" data-widget_type=\"text-editor.default\">\n\t\t\t\t<div class=\"elementor-widget-container\">\n\t\t\t\t\t\t\t\t\t<p><strong>Het pad is toegevoegd aan het wandelknooppuntennetwerk van Recreatieschap Marrekrite<br \/><\/strong>In Friesland ligt een wandelnetwerk van bijna 3800 kilometer. Het Lauwerspoelpaad is daar onderdeel van. Op deze manier is het mogelijk om een langere route te maken. Op basis van\u00a0<a href=\"https:\/\/www.marrekrite.frl\/wandelen\/knooppunten\/\" target=\"_blank\" rel=\"noopener\">de knooppunten<\/a>\u00a0plant en wandelt men heel eenvoudig de mooiste routes.<\/p><p><img decoding=\"async\" src=\"https:\/\/www.kollumerzwaag.nl\/website\/images\/2025\/Lauwerspoelpaad\/kaart_lp.png\" alt=\"kaart lp\" width=\"517\" height=\"512\" \/><\/p>\t\t\t\t\t\t\t\t<\/div>\n\t\t\t\t<\/div>\n\t\t\t\t<\/div>\n\t\t<div id=\"e-n-tab-content-2375706854\" role=\"tabpanel\" aria-labelledby=\"e-n-tab-title-2375706854\" data-tab-index=\"4\" style=\"--n-tabs-title-order: 4;\" class=\" elementor-element elementor-element-4057de9 e-con-full e-flex e-con e-child\" data-id=\"4057de9\" data-element_type=\"container\" data-e-type=\"container\">\n\t\t\t\t<div class=\"elementor-element elementor-element-5da793c elementor-widget elementor-widget-text-editor\" data-id=\"5da793c\" data-element_type=\"widget\" data-e-type=\"widget\" data-widget_type=\"text-editor.default\">\n\t\t\t\t<div class=\"elementor-widget-container\">\n\t\t\t\t\t\t\t\t\t<p><strong>Verhalen en gedichten<\/strong><\/p><p>Tijdens Kollumersweach-Feankleaster Bloeit! 2025 werd een gedichtenwedstrijd over dit project georganiseerd. Het winnende gedicht van Ruurdtsje Poortinga-de Haan is op een bord langs de route lezen.<\/p><p><strong>De poel<\/strong><\/p><p>Dit moat moarnsier.<br \/>Krekt dan.<br \/>Op tiid fan b\u00ead,<br \/>heal yn \u2018e klean<br \/>yn in wannel \u00fat \u2018e sliep.<\/p><p>Gjin geroft fan my<br \/>ik bin hjir net,<br \/>inkeld it l\u00fbd fan f\u00fbgels.<br \/>Learzens j\u00fbtse in spoar<br \/>fan s\u00eafte stappen oer it paad.<\/p><p>Noch justjes fierder,<br \/>fuortsakke yn it m\u00fbtele grien,<br \/>sopket de gr\u00fbn, foarrinner<br \/>fan de \u00fatlekte dobbe<br \/>dy\u2019t yn it l\u00e2nskip sweeft<br \/>en d\u00ear gjin ein hat.<\/p><p>Oan de r\u00e2ne in michjesnevel,<br \/>g\u00fbnzjend t\u00fatsje se it wetter,<br \/>kikkerts kweakje ferlekkere<br \/>en hynstebiters skeare<br \/>glimkjend oer de spegel.<\/p><p>De sinne ferskynt<br \/>en mist ferdwynt.<\/p><p>De dei begjint.<\/p><p>\u00a9 Ruurdtsje de Haan<\/p>\t\t\t\t\t\t\t\t<\/div>\n\t\t\t\t<\/div>\n\t\t\t\t<\/div>\n\t\t<div id=\"e-n-tab-content-2375706855\" role=\"tabpanel\" aria-labelledby=\"e-n-tab-title-2375706855\" data-tab-index=\"5\" style=\"--n-tabs-title-order: 5;\" class=\" elementor-element elementor-element-0675382 e-con-full e-flex e-con e-child\" data-id=\"0675382\" data-element_type=\"container\" data-e-type=\"container\">\n\t\t\t\t<div class=\"elementor-element elementor-element-db08347 elementor-widget elementor-widget-text-editor\" data-id=\"db08347\" data-element_type=\"widget\" data-e-type=\"widget\" data-widget_type=\"text-editor.default\">\n\t\t\t\t<div class=\"elementor-widget-container\">\n\t\t\t\t\t\t\t\t\t<p>Speciaal voor deze opening werd er op CBS de Stapstien een Verhalenwedstrijd uitgeschreven. De kinderen van groep 6 en 7 schreven allemaal een verhaal over het pad of de Lauwerspoel.<\/p><p><a href=\"https:\/\/www.kollumerzwaag.nl\/website\/images\/2025\/Lauwerspoelpaad\/Verhalen_Lauwerspoelpaad_groep_6.pdf\" target=\"_blank\" rel=\"noopener\">Verhalen groep 6 van CBS de Stapstien<\/a><\/p><p><a href=\"https:\/\/www.kollumerzwaag.nl\/website\/images\/2025\/Lauwerspoelpaad\/Verhalen_Lauwerspoelpaad_groep_7.pdf\" target=\"_blank\" rel=\"noopener\">Verhalen groep 7 van CBS de Stapstien<\/a><\/p>\t\t\t\t\t\t\t\t<\/div>\n\t\t\t\t<\/div>\n\t\t\t\t<\/div>\n\t\t<div id=\"e-n-tab-content-2375706856\" role=\"tabpanel\" aria-labelledby=\"e-n-tab-title-2375706856\" data-tab-index=\"6\" style=\"--n-tabs-title-order: 6;\" class=\" elementor-element elementor-element-b62d75c e-con-full e-flex e-con e-child\" data-id=\"b62d75c\" data-element_type=\"container\" data-e-type=\"container\">\n\t\t\t\t<div class=\"elementor-element elementor-element-3179eba elementor-widget elementor-widget-text-editor\" data-id=\"3179eba\" data-element_type=\"widget\" data-e-type=\"widget\" data-widget_type=\"text-editor.default\">\n\t\t\t\t<div class=\"elementor-widget-container\">\n\t\t\t\t\t\t\t\t\t<p><em>B\u00easte kuierder, Myn namme is Mia en ik haw in bys\u00fbnder ferhaal oer de Lauwerspoel. Op in dizige moarn r\u00fbn ik mei myn h\u00fbntsje (teddy) troch it nije learzepaad, it Lauwerspoelpaad. De sinne kaam krekt op. Ynienen hearde ik in s\u00eaft l\u00fbd by it wetter \u2014 pl\u00fbns! Wat ferweegde d\u00ear! Earst tocht ik dat it in hart wie, mar doe seach ik wat glinsterjen op&#8217;e w\u00e2l. It wie in \u00e2ld stiennen pylkpunt. Ik pakte de pylkpunt op en wie hiel k\u00e2ld krekt of kaam er krekt \u00fat&#8217;e gr\u00fbn. Ik krige in t\u00fbke en makke myn fiter los fan&#8217;e skoech en br\u00fbkte de fiter om de pylkpunt f\u00east te meitsjen oan&#8217;e t\u00fbke. Ynienen beg\u00fbn de gr\u00fbn om my hinne te triljen. Alles waard wazich. Doe&#8217;t ik wer om my hinne seach, stie ik net mear by it paad&#8230; mar midden yn in kamp fan&#8217;e stientiid!<\/em><\/p><p><em>Fjoer smookte tusken houten hutsjes en minsken mei bisteh\u00fbden makken ark fan stien. In famke fan myn jierren kaam nei my ta. Hja hiet Nynke. Se liet my sjen hoe&#8217;t se fan fjoer iten klearmakke. Mar doe beg\u00fbn de gr\u00fbn te triljen. Nynke r\u00f4p: Mia, de heuvel brekt! \u201d Wy draafden fuort en seagen hoe \u2019t in grutte iisheuvel ynstoarte en feroare yn in poel mei br\u00fbzjend wetter \u2014 de Lauwerspoel wie berne.<\/em><\/p><p><em>Ynienen hearde ik wer it geplons. No fan myn h\u00fbn. Alles waard wer stil. Ik stie wer op&#8217;t heden, oan&#8217;e kant fan&#8217;e poel. De pylkpunt lei noch yn myn h\u00e2n, mar no wie er waarm, krekt as wist er dat syn geheim \u00fbntdutsen wie.<\/em><\/p><p><em>As ik no by de Lauwerspoel l\u00e2ns kuierje, liket it krekt as hear ik stimmen fl\u00fasterjen yn&#8217;e wyn \u2014 de stimmen fan&#8217;e minsken \u00fat&#8217;e stientiid, dy&#8217;t noch hieltyd wekje oer har \u00e2lde poel. Skreaun yn 2025 troch Mia de Jong \u00fat groep 6 fan CBS de Stapstien<\/em><\/p><p><em>Winner fan de Fe<\/em><em>rhalewedstriid<\/em><\/p>\t\t\t\t\t\t\t\t<\/div>\n\t\t\t\t<\/div>\n\t\t\t\t<\/div>\n\t\t<div id=\"e-n-tab-content-2375706857\" role=\"tabpanel\" aria-labelledby=\"e-n-tab-title-2375706857\" data-tab-index=\"7\" style=\"--n-tabs-title-order: 7;\" class=\" elementor-element elementor-element-5818879 e-con-full e-flex e-con e-child\" data-id=\"5818879\" data-element_type=\"container\" data-e-type=\"container\">\n\t\t\t\t<div class=\"elementor-element elementor-element-6f51b27 elementor-widget elementor-widget-text-editor\" data-id=\"6f51b27\" data-element_type=\"widget\" data-e-type=\"widget\" data-widget_type=\"text-editor.default\">\n\t\t\t\t<div class=\"elementor-widget-container\">\n\t\t\t\t\t\t\t\t\t<p><strong>Het Lauwerspoelpaad is een initiatief van vrijwilligers uit het dorp<br \/><\/strong>Het pad is bedacht om de Lauwerspoel (een overblijfsel van een pingo uit de ijstijd) beter bereikbaar te maken, zonder de natuur aan te tasten. Veel dorpsvrijwilligers hielpen mee om het pad te realiseren. Afgelopen jaar werden de verbindingen tussen de percelen gemaakt en hekwerk geplaatst. Bij de poel staat een bankje en een informatiebord. Staatsbosbeheer en de betrokken agrarische landeigenaren dragen dit initiatief uit de Mienskip een warm hart toe. Ze hebben Plaatselijk Belang eerder een gebruiksovereenkomst afgesloten.<\/p><p><em>Het Lauwerspoelpad wordt mogelijk gemaakt door bijdragen uit het dorp- en weekfonds van de gemeente Noardeast-Frysl\u00e2n, het Iepen Mienskipsf\u00fbns van de Provincie Frysl\u00e2n, het Co\u00f6peratiefonds van de Rabobank Drachten Noordoost Frysl\u00e2n, het Postcode Loterij Buurtfonds en Plaatselijk Belang Kollumerzwaag en Veenklooster.<\/em><\/p>\t\t\t\t\t\t\t\t<\/div>\n\t\t\t\t<\/div>\n\t\t\t\t<\/div>\n\t\t\t\t\t<\/div>\n\t\t<\/div>\n\t\t\t\t\t\t<\/div>\n\t\t\t\t<\/div>\n\t\t\t\t\t<\/div>\n\t\t\t\t<\/div>\n\t\t\t\t<\/div>\n\t\t","protected":false},"excerpt":{"rendered":"<p>Lauwerspoelpaad Bijzondere vondsten Recreatieschap Marrekrite Verhalen en gedichten Verhalenwedstrijd Winnend verhaal Initiatief It Lauwerspoelpaad In Kollumersweach is in 2025 met het wandelpad It Lauwerspoelpaad een uniek stukje natuur met historische<\/p>\n","protected":false},"author":1,"featured_media":0,"parent":0,"menu_order":0,"comment_status":"closed","ping_status":"closed","template":"","meta":{"footnotes":""},"class_list":["post-11780","page","type-page","status-publish","hentry"],"_links":{"self":[{"href":"https:\/\/www.kollumerzwaag.nl\/web\/wp-json\/wp\/v2\/pages\/11780","targetHints":{"allow":["GET"]}}],"collection":[{"href":"https:\/\/www.kollumerzwaag.nl\/web\/wp-json\/wp\/v2\/pages"}],"about":[{"href":"https:\/\/www.kollumerzwaag.nl\/web\/wp-json\/wp\/v2\/types\/page"}],"author":[{"embeddable":true,"href":"https:\/\/www.kollumerzwaag.nl\/web\/wp-json\/wp\/v2\/users\/1"}],"replies":[{"embeddable":true,"href":"https:\/\/www.kollumerzwaag.nl\/web\/wp-json\/wp\/v2\/comments?post=11780"}],"version-history":[{"count":10,"href":"https:\/\/www.kollumerzwaag.nl\/web\/wp-json\/wp\/v2\/pages\/11780\/revisions"}],"predecessor-version":[{"id":11793,"href":"https:\/\/www.kollumerzwaag.nl\/web\/wp-json\/wp\/v2\/pages\/11780\/revisions\/11793"}],"wp:attachment":[{"href":"https:\/\/www.kollumerzwaag.nl\/web\/wp-json\/wp\/v2\/media?parent=11780"}],"curies":[{"name":"wp","href":"https:\/\/api.w.org\/{rel}","templated":true}]}}